{"id":119,"date":"2025-08-29T09:51:10","date_gmt":"2025-08-29T09:51:10","guid":{"rendered":"https:\/\/enzobourre.fr\/?page_id=119"},"modified":"2025-08-29T09:51:10","modified_gmt":"2025-08-29T09:51:10","slug":"un-enfant-dans-le-ciel","status":"publish","type":"page","link":"https:\/\/enzobourre.fr\/index.php\/un-enfant-dans-le-ciel\/","title":{"rendered":"Un enfant dans le Ciel"},"content":{"rendered":"\n<h2 class=\"wp-block-heading has-text-align-left\">Pr\u00e9sentation de l&rsquo;association \u00ab\u00a0Un Enfant dans le Ciel\u00a0\u00bb<\/h2>\n\n\n\n<figure class=\"wp-block-image size-large is-resized\"><img loading=\"lazy\" decoding=\"async\" width=\"1024\" height=\"1024\" src=\"https:\/\/enzobourre.fr\/wp-content\/uploads\/2025\/08\/En-tete-Logo-Site-1024x1024.png\" alt=\"\" class=\"wp-image-120\" style=\"width:162px;height:auto\" srcset=\"https:\/\/enzobourre.fr\/wp-content\/uploads\/2025\/08\/En-tete-Logo-Site-1024x1024.png 1024w, https:\/\/enzobourre.fr\/wp-content\/uploads\/2025\/08\/En-tete-Logo-Site-300x300.png 300w, https:\/\/enzobourre.fr\/wp-content\/uploads\/2025\/08\/En-tete-Logo-Site-150x150.png 150w, https:\/\/enzobourre.fr\/wp-content\/uploads\/2025\/08\/En-tete-Logo-Site-768x768.png 768w, https:\/\/enzobourre.fr\/wp-content\/uploads\/2025\/08\/En-tete-Logo-Site-1536x1536.png 1536w, https:\/\/enzobourre.fr\/wp-content\/uploads\/2025\/08\/En-tete-Logo-Site.png 2000w\" sizes=\"auto, (max-width: 1024px) 100vw, 1024px\" \/><\/figure>\n\n\n\n<p><strong>Un Enfant dans le Ciel<\/strong> est une association fran\u00e7aise cr\u00e9\u00e9e en 2011 (constitu\u00e9e officiellement en 2017), dont la mission est de permettre \u00e0 des enfants malades, hospitalis\u00e9s ou en soins palliatifs de vivre un moment de libert\u00e9 et d\u2019\u00e9merveillement \u2014 en survolant les paysages de la r\u00e9gion Hauts-de-France \u00e0 bord d\u2019un avion ou d\u2019un h\u00e9licopt\u00e8re. Accompagn\u00e9s d\u2019un pilote professionnel et parfois de personnel soignant, ces enfants d\u00e9couvrent la C\u00f4te d\u2019Opale, voient leur maison ou m\u00eame leur h\u00f4pital depuis le ciel, plut\u00f4t que l\u2019inverse.<\/p>\n\n\n\n<p><\/p>\n\n\n\n<p>L\u2019id\u00e9e est n\u00e9e en 2009, lorsqu\u2019Olivier Prud\u2019homme, pilote passionn\u00e9 de photographie a\u00e9rienne, emm\u00e8ne la fille d\u2019un ami malade en vol \u2014 un moment si apaisant qu\u2019elle s\u2019endort. Cette exp\u00e9rience d\u00e9clenche la cr\u00e9ation de l\u2019association en 2011, puis son enregistrement officiel en juin 2017, avec Olivier Prud\u2019homme en tant que pr\u00e9sident.<\/p>\n\n\n\n<figure class=\"wp-block-image size-full\"><img loading=\"lazy\" decoding=\"async\" width=\"1024\" height=\"485\" src=\"https:\/\/enzobourre.fr\/wp-content\/uploads\/2025\/08\/276988335_339879518167401_8875898641296618100_n-1024x485-1.jpg\" alt=\"\" class=\"wp-image-121\" srcset=\"https:\/\/enzobourre.fr\/wp-content\/uploads\/2025\/08\/276988335_339879518167401_8875898641296618100_n-1024x485-1.jpg 1024w, https:\/\/enzobourre.fr\/wp-content\/uploads\/2025\/08\/276988335_339879518167401_8875898641296618100_n-1024x485-1-300x142.jpg 300w, https:\/\/enzobourre.fr\/wp-content\/uploads\/2025\/08\/276988335_339879518167401_8875898641296618100_n-1024x485-1-768x364.jpg 768w\" sizes=\"auto, (max-width: 1024px) 100vw, 1024px\" \/><\/figure>\n\n\n\n<h2 class=\"wp-block-heading has-large-font-size\">Pourquoi cette association est-elle si unique ?<\/h2>\n\n\n\n<ol class=\"wp-block-list\">\n<li><strong>Offrir une parenth\u00e8se d\u2019\u00e9vasion<\/strong><br>Les enfants concern\u00e9s red\u00e9couvrent le ciel avec \u00e9merveillement : l\u2019h\u00f4pital, la mer, leur propre maison deviennent des paysages contempl\u00e9s du haut, offrant un sentiment de libert\u00e9 rare.<\/li>\n\n\n\n<li><strong>Une initiative n\u00e9e du c\u0153ur d\u2019un pilote<\/strong><br>L\u2019association a vu le jour gr\u00e2ce \u00e0 une exp\u00e9rience authentique et \u00e9motive \u2014 un simple vol qui s\u2019est transform\u00e9 en source d\u2019apaisement.<\/li>\n\n\n\n<li><strong>Ancrage local fort<\/strong><br>Les vols se d\u00e9roulent dans un p\u00e9rim\u00e8tre proche (Calais, Boulonnais, C\u00f4te d\u2019Opale), ce qui permet une logistique adapt\u00e9e et une atmosph\u00e8re intime.<\/li>\n\n\n\n<li><strong>Soutien \u00e0 la fois public et priv\u00e9<\/strong><br>Le financement repose en partie sur des dons priv\u00e9s d\u00e9fiscalis\u00e9s et des soutiens institutionnels, signe d\u2019un engagement partag\u00e9 par la communaut\u00e9<\/li>\n<\/ol>\n\n\n\n<figure class=\"wp-block-image size-large\"><img loading=\"lazy\" decoding=\"async\" width=\"1024\" height=\"474\" src=\"https:\/\/enzobourre.fr\/wp-content\/uploads\/2025\/08\/489027679_10227069055488536_662130556744379164_n-1024x474.jpg\" alt=\"\" class=\"wp-image-122\" srcset=\"https:\/\/enzobourre.fr\/wp-content\/uploads\/2025\/08\/489027679_10227069055488536_662130556744379164_n-1024x474.jpg 1024w, https:\/\/enzobourre.fr\/wp-content\/uploads\/2025\/08\/489027679_10227069055488536_662130556744379164_n-300x139.jpg 300w, https:\/\/enzobourre.fr\/wp-content\/uploads\/2025\/08\/489027679_10227069055488536_662130556744379164_n-768x355.jpg 768w, https:\/\/enzobourre.fr\/wp-content\/uploads\/2025\/08\/489027679_10227069055488536_662130556744379164_n-1536x710.jpg 1536w, https:\/\/enzobourre.fr\/wp-content\/uploads\/2025\/08\/489027679_10227069055488536_662130556744379164_n.jpg 2048w\" sizes=\"auto, (max-width: 1024px) 100vw, 1024px\" \/><\/figure>\n\n\n\n<blockquote class=\"wp-block-quote is-layout-flow wp-block-quote-is-layout-flow\">\n<h2 class=\"wp-block-heading\">En r\u00e9sum\u00e9<\/h2>\n\n\n\n<p><strong>Un Enfant dans le Ciel<\/strong>, pr\u00e9sid\u00e9e par <strong>Olivier Prud\u2019homme<\/strong>, est une association \u00e9motive et solidaire qui offre aux enfants les plus fragiles un moment de beau et d\u2019\u00e9vasion. Gr\u00e2ce \u00e0 elle, le ciel devient un terrain de r\u00eave \u2014 et parfois de gu\u00e9rison de l\u2019esprit \u2014 pour ceux qui en ont le plus besoin.<\/p>\n<\/blockquote>\n\n\n\n<p><\/p>\n\n\n\n<figure class=\"wp-block-image size-full\"><img loading=\"lazy\" decoding=\"async\" width=\"960\" height=\"640\" src=\"https:\/\/enzobourre.fr\/wp-content\/uploads\/2025\/08\/462370296_10225516861964668_7297156542113870738_n.jpg\" alt=\"\" class=\"wp-image-123\" srcset=\"https:\/\/enzobourre.fr\/wp-content\/uploads\/2025\/08\/462370296_10225516861964668_7297156542113870738_n.jpg 960w, https:\/\/enzobourre.fr\/wp-content\/uploads\/2025\/08\/462370296_10225516861964668_7297156542113870738_n-300x200.jpg 300w, https:\/\/enzobourre.fr\/wp-content\/uploads\/2025\/08\/462370296_10225516861964668_7297156542113870738_n-768x512.jpg 768w\" sizes=\"auto, (max-width: 960px) 100vw, 960px\" \/><\/figure>\n","protected":false},"excerpt":{"rendered":"<p>Pr\u00e9sentation de l&rsquo;association \u00ab\u00a0Un Enfant dans le Ciel\u00a0\u00bb Un Enfant dans le Ciel est une association fran\u00e7aise cr\u00e9\u00e9e en 2011 (constitu\u00e9e officiellement en 2017), dont la mission est de permettre \u00e0 des enfants malades, hospitalis\u00e9s ou en soins palliatifs de vivre un moment de libert\u00e9 et d\u2019\u00e9merveillement \u2014 en survolant les paysages de la r\u00e9gion [&hellip;]<\/p>\n","protected":false},"author":1,"featured_media":0,"parent":0,"menu_order":0,"comment_status":"closed","ping_status":"closed","template":"","meta":{"footnotes":""},"class_list":["post-119","page","type-page","status-publish","hentry"],"_links":{"self":[{"href":"https:\/\/enzobourre.fr\/index.php\/wp-json\/wp\/v2\/pages\/119","targetHints":{"allow":["GET"]}}],"collection":[{"href":"https:\/\/enzobourre.fr\/index.php\/wp-json\/wp\/v2\/pages"}],"about":[{"href":"https:\/\/enzobourre.fr\/index.php\/wp-json\/wp\/v2\/types\/page"}],"author":[{"embeddable":true,"href":"https:\/\/enzobourre.fr\/index.php\/wp-json\/wp\/v2\/users\/1"}],"replies":[{"embeddable":true,"href":"https:\/\/enzobourre.fr\/index.php\/wp-json\/wp\/v2\/comments?post=119"}],"version-history":[{"count":1,"href":"https:\/\/enzobourre.fr\/index.php\/wp-json\/wp\/v2\/pages\/119\/revisions"}],"predecessor-version":[{"id":124,"href":"https:\/\/enzobourre.fr\/index.php\/wp-json\/wp\/v2\/pages\/119\/revisions\/124"}],"wp:attachment":[{"href":"https:\/\/enzobourre.fr\/index.php\/wp-json\/wp\/v2\/media?parent=119"}],"curies":[{"name":"wp","href":"https:\/\/api.w.org\/{rel}","templated":true}]}}